11
Calculate the remainder when 16206 is divided by 16.
14
What is the remainder when 97 is divided by 55?
42
Calculate the remainder when 207 is divided by 71.
65
Calculate the remainder when 75 is divided by 51.
24
Calculate the remainder when 138 is divided by 122.
16
Calculate the remainder when 191 is divided by 39.
35
What is the remainder when 38719 is divided by 40?
39
What is the remainder when 339 is divided by 55?
9
Calculate the remainder when 1367 is divided by 14.
9
Calculate the remainder when 27 is divided by 4.
3
What is the remainder when 758 is divided by 167?
90
Calculate the remainder when 278 is divided by 8.
6
Calculate the remainder when 276 is divided by 193.
83
Calculate the remainder when 67 is divided by 35.
32
What is the remainder when 74 is divided by 10?
4
What is the remainder when 729 is divided by 10?
9
Calculate the remainder when 9220 is divided by 1024.
4
Calculate the remainder when 361 is divided by 120.
1
Calculate the remainder when 285 is divided by 12.
9
Calculate the remainder when 895 is divided by 3.
1
Calculate the remainder when 27 is divided by 13.
1
What is the remainder when 1502 is divided by 1491?
11
Calculate the remainder when 95 is divided by 14.
11
Calculate the remainder when 919 is divided by 37.
31
What is the remainder when 45 is divided by 8?
5
Calculate the remainder when 227 is divided by 113.
1
What is the remainder when 26 is divided by 8?
2
Calculate the remainder when 57 is divided by 3.
0
What is the remainder when 151 is divided by 9?
7
Calculate the remainder when 33 is divided by 13.
7
What is the remainder when 314 is divided by 105?
104
What is the remainder when 469 is divided by 438?
31
What is the remainder when 869 is divided by 286?
11
What is the remainder when 136 is divided by 38?
22
Calculate the remainder when 92 is divided by 42.
8
What is the remainder when 832 is divided by 29?
20
Calculate the remainder when 626 is divided by 134.
90
What is the remainder when 93 is divided by 32?
29
What is the remainder when 1507 is divided by 26?
25
Calculate the remainder when 821 is divided by 164.
1
What is the remainder when 31095 is divided by 219?
216
Calculate the remainder when 2037 is divided by 20.
17
What is the remainder when 613 is divided by 89?
79
What is the remainder when 10 is divided by 2?
0
Calculate the remainder when 478 is divided by 119.
2
Calculate the remainder when 723 is divided by 4.
3
What is the remainder when 414 is divided by 83?
82
What is the remainder when 137 is divided by 48?
41
What is the remainder when 293 is divided by 15?
8
What is the remainder when 19818 is divided by 34?
30
What is the remainder when 575 is divided by 29?
24
What is the remainder when 4324 is divided by 12?
4
Calculate the remainder when 135 is divided by 119.
16
What is the remainder when 273 is divided by 57?
45
What is the remainder when 656 is divided by 553?
103
What is the remainder when 2983 is divided by 743?
11
Calculate the remainder when 269 is divided by 131.
7
Calculate the remainder when 1355 is divided by 337.
7
What is the remainder when 72 is divided by 7?
2
Calculate the remainder when 374 is divided by 25.
24
Calculate the remainder when 953 is divided by 38.
3
What is the remainder when 233 is divided by 39?
38
Calculate the remainder when 664 is divided by 158.
32
Calculate the remainder when 218 is divided by 25.
18
Calculate the remainder when 21 is divided by 15.
6
What is the remainder when 72 is divided by 39?
33
Calculate the remainder when 223 is divided by 82.
59
Calculate the remainder when 39927 is divided by 31.
30
What is the remainder when 93 is divided by 4?
1
Calculate the remainder when 92 is divided by 64.
28
Calculate the remainder when 301 is divided by 17.
12
Calculate the remainder when 1548 is divided by 5.
3
Calculate the remainder when 29 is divided by 4.
1
What is the remainder when 987 is divided by 38?
37
Calculate the remainder when 79 is divided by 14.
9
Calculate the remainder when 157 is divided by 10.
7
Calculate the remainder when 139 is divided by 13.
9
Calculate the remainder when 3381 is divided by 103.
85
Calculate the remainder when 1240 is divided by 104.
96
What is the remainder when 23 is divided by 17?
6
What is the remainder when 499 is divided by 50?
49
What is the remainder when 90 is divided by 3?
0
Calculate the remainder when 130 is divided by 69.
61
What is the remainder when 82 is divided by 32?
18
What is the remainder when 5411 is divided by 12?
11
Calculate the remainder when 240 is divided by 119.
2
What is the remainder when 2321 is divided by 83?
80
Calculate the remainder when 897 is divided by 87.
27
What is the remainder when 328 is divided by 28?
20
What is the remainder when 338 is divided by 66?
8
What is the remainder when 144 is divided by 15?
9
What is the remainder when 131 is divided by 58?
15
Calculate the remainder when 756 is divided by 50.
6
What is the remainder when 111 is divided by 103?
8
What is the remainder when 49 is divided by 14?
7
Calculate the remainder when 486 is divided by 32.
6
What is the remainder when 567 is divided by 188?
3
Calculate the remainder when 83 is divided by 48.
35
Calculate the remainder when 249 is divided by 84.
81
Calculate the remainder when 99 is divided by 15.
9
Calculate the remainder when 339 is divided by 147.
45
Calculate the remainder when 230 is divided by 8.
6
Calculate the remainder when 66 is divided by 19.
9
Calculate the remainder when 20 is divided by 8.
4
What is the remainder when 1501 is divided by 492?
25
What is the remainder when 204 is divided by 53?
45
Calculate the remainder when 156 is divided by 80.
76
Calculate the remainder when 543 is divided by 109.
107
Calculate the remainder when 778 is divided by 6.
4
Calculate the remainder when 3597 is divided by 509.
34
Calculate the remainder when 46 is divided by 12.
10
What is the remainder when 109 is divided by 13?
5
What is the remainder when 389 is divided by 26?
25
Calculate the remainder when 50 is divided by 49.
1
Calculate the remainder when 9484 is divided by 51.
49
Calculate the remainder when 1128 is divided by 373.
9
What is the remainder when 18 is divided by 5?
3
What is the remainder when 74 is divided by 5?
4
What is the remainder when 89 is divided by 55?
34
Calculate the remainder when 199 is divided by 67.
65
Calculate the remainder when 103 is divided by 17.
1
Calculate the remainder when 64 is divided by 18.
10
Calculate the remainder when 945 is divided by 4.
1
What is the remainder when 560 is divided by 17?
16
Calculate the remainder when 1312 is divided by 416.
64
What is the remainder when 13992 is divided by 36?
24
What is the remainder when 391 is divided by 8?
7
Calculate the remainder when 14848 is divided by 50.
48
Calculate the remainder when 732 is divided by 231.
39
What is the remainder when 167 is divided by 14?
13
Calculate the remainder when 230 is divided by 21.
20
Calculate the remainder when 272 is divided by 256.
16
Calculate the remainder when 983 is divided by 58.
55
Calculate the remainder when 464 is divided by 52.
48
What is the remainder when 165 is divided by 42?
39
What is the remainder when 626 is divided by 200?
26
Calculate the remainder when 1490 is divided by 489.
23
What is the remainder when 1045 is divided by 346?
7
Calculate the remainder when 3270 is divided by 364.
358
What is the remainder when 4842 is divided by 29?
28
What is the remainder when 223 is divided by 25?
23
What is the remainder when 243 is divided by 23?
13
What is the remainder when 398 is divided by 31?
26
Calculate the remainder when 7742 is divided by 64.
62
Calculate the remainder when 275 is divided by 23.
22
Calculate the remainder when 47 is divided by 7.
5
What is the remainder when 88 is divided by 25?
13
Calculate the remainder when 209 is divided by 53.
50
Calculate the remainder when 99 is divided by 41.
17
What is the remainder when 185 is divided by 153?
32
What is the remainder when 142 is divided by 18?
16
Calculate the remainder when 567 is divided by 95.
92
What is the remainder when 563 is divided by 297?
266
What is the remainder when 2906 is divided by 19?
18
What is the remainder when 2350 is divided by 62?
